 -25 - 65 = 10*s. What is the tens digit of ((-1191)/s)/((-3)/(-9)) - 4?
9
What is the tens digit of 2/5 - (-3206991)/285?
5
Suppose -4093 = -5*t + 29*m - 32*m, 5*t + 2*m = 4092. What is the units digit of t?
8
What is the tens digit of ((-3910)/(-4) - (1 + 0))/((-5)/(-170))?
0
Let t = 98 + -98. Suppose 4*w - 16 + 4 = t. Suppose 2*d - 31 = f, 4*d + 5 - 42 = -w*f. What is the units digit of d?
3
Let d(j) = -j. Let r be d(1). Let m(g) be the first derivative of -163*g**4/4 + 2*g**3/3 + g**2/2 + 1162. What is the units digit of m(r)?
4
Suppose -4*q + 82286 = -5*l, 3*l - 29 = -11. What is the tens digit of q?
7
Suppose 5*c - 5*g + 384 = 1839, -4*c = g - 1164. Let b = c - 139. What is the tens digit of b?
5
Suppose 1013 = 3*s - 532. Let j = s + -391. What is the units digit of j?
4
Let l be 125/35 - 24/(-56). Let m = 52 + -28. Suppose -w = l - m. What is the tens digit of w?
2
Suppose -6*j - 2*j + 43448 = 0. Suppose -25*i = -6594 - j. What is the tens digit of i?
8
Let o(v) = -8*v - 138. Let c(y) = 2*y + 35. Let a(f) = -9*c(f) - 2*o(f). Let d be a(16). What is the units digit of d/(-3) + 68/51?
5
Let m be ((-47678)/(-155))/((-1)/(-5)). Let u = m + -1054. What is the tens digit of u?
8
Let t(h) = 6*h - 80. Let n(r) = 4*r - 40. Let a(q) = 11*n(q) - 6*t(q). What is the tens digit of a(-3)?
1
Let w = -55898 + 110447. What is the units digit of w?
9
Let l(y) = 2*y**2 + 7*y + 84. Let d be (6/(-8))/(81/(-1188)). What is the hundreds digit of l(d)?
4
Suppose 5*v + 22454 - 1884 = 0. What is the units digit of 19/((-1729)/(-26)) + v/(-7)?
8
Suppose -90*r + 87*r + q + 51116 = 0, -6*r + 102222 = 3*q. What is the units digit of r?
8
Let q be 513/(-38)*208/(-6). Suppose -5*x - q - 43 = -u, 15 = 3*x. What is the hundreds digit of u?
5
Let x = 550 - 565. What is the units digit of (-333)/x*(33 - 13)?
4
Suppose -44*d = -82307 - 206685. What is the tens digit of d?
6
Let p(z) = -47*z**2 - z. Let s be p(-2). Let k = 1011 - 660. Let a = s + k. What is the units digit of a?
5
Suppose -y = 2*f - 57, -y - 10*f + 56 = -9*f. Suppose 0 = -3*a - y + 40. What is the tens digit of ((-10)/8*-12)/((-1)/a)?
7
Suppose -496 = -4*x + r, 4*r = -0*x - x + 107. Suppose -2*l + d - 87 = 4*d, 0 = -3*l - 2*d - x. What is the units digit of (2/((-4)/6))/(l/52)?
4
Let n be 4*(0 + -1 - -2). Suppose 5*f + 9*y = n*y + 25, 5 = 2*f - 3*y. Suppose 5*a = 2*h + 251, 2*a = h + f*h + 92. What is the units digit of a?
1
Let x = 8 - -2. Let v = -22 - x. What is the tens digit of (0 - v) + (-2 - 0 - -3)?
3
Let o(y) = y**2 + 16*y + 43. Let u be o(-13). Suppose -7*p = -3*g - 8*p + 3496, -4648 = -u*g - 4*p. What is the thousands digit of g?
1
Let h = 181 - 175. Let w = 6 + -5. What is the units digit of h - (1 + w - 3)*1?
7
Let k(t) = -318 + 149 - 88*t + 267. What is the tens digit of k(-9)?
9
Let v = -22 - -24. Suppose -q + v*l + 265 = 0, -3*q - 253 = -4*q + 5*l. What is the tens digit of q?
7
Suppose -3*c - 61 - 365 = 0. Suppose l = -1, 0 = -2*j - 5*l + 10 + 39. What is the units digit of (-4 + j/6)/((-1)/c)?
1
Suppose 11*g - 237637 = 8983. What is the units digit of g?
0
What is the hundreds digit of (8/28 + 725492/56)/(6/8)?
2
Let a = 112 + -143. Let q = 33 + a. Let z = q + 8. What is the tens digit of z?
1
Let t(d) = -d**3 - 29*d**2 + 31*d - 42. Let k be t(-30). What is the tens digit of k/126 - -2*(-4358)/(-14)?
2
Let v(i) = 15*i + 8. Let t(z) = 2*z. Let k be t(1). Let j be v(k). Let r = j + -11. What is the units digit of r?
7
Let x(t) = t**3 - 66*t**2 + 143*t + 988. What is the units digit of x(67)?
8
Suppose 0 = -177*a - 50*a + 97962 + 204402. What is the tens digit of a?
3
Suppose 26*b - 103512 = 22*b + 2*s, -3*b + 2*s = -77632. What is the units digit of b?
0
Suppose 4*l + 3*p = 30135, -p = l - 1192 - 6343. Let a = l + -3348. Suppose -7*q + a = 10*q. What is the tens digit of q?
4
Let g(f) = 2*f**2 - 13*f + 28. Let b = 247 - 257. What is the hundreds digit of g(b)?
3
Let y(j) = -j**3 - 2*j**2 - 4*j - 3. Let d be y(-2). Suppose 3*a - 4*a - d = 0. What is the tens digit of (a/2)/((-19)/266)?
3
Let n = -277 + -198. What is the units digit of (24/30)/(2 + 948/n)?
0
Let y(a) = -a**3 - 7*a**2 - a + 26. Let p be y(-5). What is the tens digit of (p*8/(-5))/(96/1200)?
8
Suppose -2*t = 5*t - 2555. Let h = t + -207. Let c = 8 + h. What is the units digit of c?
6
Let u(t) = t**3 - 114*t**2 + 115*t - 85. What is the tens digit of u(113)?
4
Let c(j) = -j**3 + 161*j**2 - 105*j + 682. What is the tens digit of c(160)?
8
Suppose 0 = -16*d + 12*d + 2*h + 696, 0 = 3*d - 5*h - 536. What is the hundreds digit of d?
1
Let v = 188 + -144. Suppose v*x = 40*x + 1140. What is the tens digit of x?
8
Let d be ((-2)/(-4))/((-6)/(2112/(-2))). Suppose d + 1622 = 10*s. What is the hundreds digit of s?
1
Let c be ((-48)/(-14))/(114/1064). Suppose 29*j = c*j - 3114. What is the hundreds digit of j?
0
Suppose 2*k = 16, -5*m + 278872 = 4*k + 94725. What is the ten thousands digit of m?
3
Suppose 7*d - 1928 = 4778. Suppose 0 = -12*m + 3106 - d. What is the hundreds digit of m?
1
Let q(m) = -589*m - 2864. What is the units digit of q(-17)?
9
Let d(i) = -i + 109. Suppose -5*t = -4*t - 75. Let k = t - 75. What is the tens digit of d(k)?
0
Suppose -834*a = -814*a - 21740. What is the tens digit of a?
8
Let v = 1151 - 1661. Let q = 27 - v. What is the units digit of q?
7
Let g(s) be the second derivative of -71*s**3/6 + 7*s**2 - 293*s + 1. Let x be (-30)/5*4/6. What is the hundreds digit of g(x)?
2
Suppose -5*z + 53030 = 4*i, 114 = 3*i + 99. What is the hundreds digit of z?
6
Suppose -2*c = -5*b - 33, 2*c - 40*b = -38*b + 18. What is the hundreds digit of -2*c/(-10)*(708 - -7)?
5
Suppose 3*p - 3 = 0, -4*q + 176794 = -5*p - 22317. What is the tens digit of q?
7
Let g = 37 - 32. Suppose -6145 = g*q - 1495. What is the hundreds digit of (-1 + 4/6)/(2/q)?
1
Suppose -2*p + 6*p = -3*u - 1, -u = -p + 5. Let j(q) = 36*q - 33. Let c be j(u). Let x = 198 + c. What is the tens digit of x?
5
Suppose 6*d + 98 = 56. What is the units digit of 14/d*(-9 + 8)?
2
Suppose -3*p + 10 = -4*p + 4*x, 5*x - 35 = 5*p. Let v be 2/(p - -8)*(2 - 2). Suppose u = 5*m + 24 - 408, -3*m + 5*u + 226 = v. What is the units digit of m?
7
Let h = 64 + -60. Suppose -325 = -h*y - 5*d, -6*y = -2*y - 2*d - 290. Suppose 0*f + y = 2*f - 5*a, 0 = a - 5. What is the units digit of f?
0
Let u(x) = x**2 + 6*x - 5. Suppose 5*a + 24 = -11. Let g be u(a). What is the tens digit of ((-240)/32)/((-1)/g)?
1
Suppose 0 = -y + q - 4*q + 267, 1317 = 5*y - 3*q. Suppose g + y = 5*l, 165 = 3*l - 4*g - 7. What is the units digit of l?
2
Let d = 2353 - -384. What is the thousands digit of d?
2
Let j be (0/(-3))/(-3)*(-1 - 0). Suppose j*l - 5 = -l. Let w = l + 19. What is the units digit of w?
4
Suppose -2*c + 0*k = k + 25, -k = -3*c - 50. Let a be 20/c*6/4 + 6. Suppose -i - 540 = -a*i. What is the tens digit of i?
8
Let z = -5271 + 7648. What is the units digit of z?
7
Let d(l) = 931*l**2 + 4*l - 2. Let t(y) = 931*y**2 + 4*y - 3. Let f(c) = 5*d(c) - 4*t(c). What is the tens digit of f(-1)?
2
Let v be 4*(2 + -7 + 21). Let j = 72 - v. What is the tens digit of 412/(-2)*j/(-16)?
0
Suppose 23*l - 6*l = 19788. What is the tens digit of l?
6
Let y = 13156 - -6554. What is the thousands digit of y?
9
Let a be (6/4)/(12/32). Suppose 2*b = s - 2, -7*b + 3*b = -4*s + a. Suppose s = -q - 8 + 22. What is the units digit of q?
4
Let j = -14659 - -25160. What is the thousands digit of j?
0
Let i be 3/(1/(1 + 0)). Let v be 11/(-110) + 63/30. Suppose -v*t - 39 = -i*o, -o + 5*t + 7 = -19. What is the units digit of o?
1
Let a(t) = 47*t + 1605. What is the units digit of a(68)?
1
Let b(d) = 26*d + 142. Let z(k) = -78*k - 424. Let l(j) = -7*b(j) - 2*z(j). What is the hundreds digit of l(-17)?
2
Let d be -1 - -117 - 0/(-2). Let f(a) = -7*a + 13*a + 8*a + d - 108. What is the hundreds digit of f(14)?
2
Let n(z) = -z + 11. Let f be n(-11). Suppose 264 = -25*l + f*l. Let i = l + 154. What is the units digit of i?
6
Let q be 12/2 + (-4446)/(-3). Let v = 2382 - q. What is the units digit of v?
4
Suppose 3*h - 36674 = l, -l = -2*h - 5*l + 24482. What is the thousands digit of h?
2
What is the thousands digit of (285/(-114) - (-3 - -1))/(2/(-62064))?
5
Suppose 5*j - 32 = -2*s, -s = -5*j + 7 + 7. Suppose 984 = 10*i - s*i.